 = -c*t + 5*a - 172, -2*a - 752 = -5*t. List the prime factors of t.
2, 19
List the prime factors of (-63)/56*(-126848)/24.
2, 3, 991
Let l(i) = i**3 + 9*i**2 - 16*i + 10. Let w be l(-12). Let a = 834 + w. List the prime factors of a.
2, 151
List the prime factors of (2 - 454)*7089/(-556).
3, 17, 113
Let m = 158 - 132. Let x(p) = p**2 - 29*p + 80. Let z be x(m). List the prime factors of ((-8)/(-40))/(z/1910).
191
Let n be 24/10 - (-16)/(-40). Let m be n/(-6)*(0/(-1))/3. Suppose 2*r + 3*w - 227 = m, 2*w - 49 + 261 = 2*r. What are the prime factors of r?
109
Suppose -1364 + 10320 = 3*i + 949. What are the prime factors of i?
17, 157
Suppose 52*w - 9*w = w + 402024. List the prime factors of w.
2, 2393
Suppose 38 = 2*y + 3*x, 0 = -5*y + 4*y - x + 20. Let n(o) = -3*o**2 + y*o**2 + 7*o**2 - 2 - 6*o + 7*o. What are the prime factors of n(1)?
5
Let k = 22143 + -16594. What are the prime factors of k?
31, 179
Suppose -15*o = -12*o - 1014. List the prime factors of 1 - (-5 - o/1).
2, 43
What are the prime factors of ((-19824)/590)/((-256)/(-130) + -2)?
2, 3, 7, 13
Suppose 5*r - 9 = 6, -r = 3*t - 51. Suppose 0 = 10*h - t*h - 342. What are the prime factors of -5 + h*33/(-9)?
2, 3, 17
Suppose 0 = 5*p + 4*s - 160, 4*s = -4*p + 5*s + 128. Suppose 0 = 4*h - a - 1116, -3*h + 837 = -6*a + 3*a. Let y = h - p. What are the prime factors of y?
13, 19
Let u be (-8 - -29)*(-52)/(-3). Suppose a - 9*g + 8*g = u, -4*a - g = -1466. List the prime factors of a.
2, 3, 61
Let m(x) = 36*x + 4. Suppose 2*j + 0*o - 29 = 3*o, 2*j + 2*o = 4. Let d(t) = -t**2 + 6*t + 9. Let q be d(j). What are the prime factors of m(q)?
2, 19
What are the prime factors of 3/15 - 7/(-35) - 391584/(-40)?
2, 5, 11, 89
Suppose 5*g + 3*p = 74833, -2*p = 368 - 370. What are the prime factors of g?
2, 7, 1069
What are the prime factors of (-583692)/(-60) - 3/15?
2, 19
Let s be (-5)/(6/(-4) - 1). Suppose -2299 = -s*m - 449. What are the prime factors of m?
5, 37
Suppose 5*q + 80 = -2*b + q, -20 = -4*q. Let u be (9 - b) + -1 + (0 - -2). Suppose 8*s - 6*s = u. What are the prime factors of s?
2, 3, 5
What are the prime factors of -79*(-49 - (7 - -3))?
59, 79
Let i = -55581 + 87214. What are the prime factors of i?
7, 4519
Suppose -1236 = 4*u + 2*d, 2*u - 3*d + 620 = -5*d. Let z = u + 552. What are the prime factors of z?
2, 61
Let z be (-3 - -5) + 4*155/2. Suppose -7*p = -15*p + z. What are the prime factors of p?
3, 13
Let d(r) = -r**2 - 7*r + 18. Let b be d(-7). Suppose -2*k = -8*k + b. Suppose -348 = -6*a + k*a. List the prime factors of a.
2, 29
Let x(j) = 3*j**2 - 10*j + 13. Let c be x(11). Suppose 2 = m + 6, -p - 2*m = -c. What are the prime factors of p?
2, 137
Suppose 0 = -6*w + 248 - 80. Let q(j) = -j**2 + 30*j + 48. What are the prime factors of q(w)?
2, 13
Let u be 1564/6 - ((-50)/15)/10. Let o = 272 - u. What are the prime factors of o?
11
Suppose 2*w - 5*q - 44941 = 0, -3*w - 2*q - 2*q + 67423 = 0. List the prime factors of w.
3, 11, 227
Let a = 711 + -395. List the prime factors of (5 - 1 - 8) + (a - -2).
2, 157
Let m = 24874 + -15969. List the prime factors of m.
5, 13, 137
Suppose -806 = 15*q + 1804. Let i = q - -546. What are the prime factors of i?
2, 3, 31
Suppose -k + 6 = 3*g + 3, 5*g + 27 = k. Suppose 10*i = 38 + k. Suppose -963 = -i*f - 148. What are the prime factors of f?
163
Suppose -35 = 3*s - 5*o - 1, -4*o + 20 = 0. Let u be 33*33/9 + s. Let z = u + -63. List the prime factors of z.
5, 11
Let s = -63 - -98. Let t = s - 15. Suppose 17*r + 318 = t*r. List the prime factors of r.
2, 53
Let j = 253 + -241. List the prime factors of (-64)/(((-1)/(-3))/((-80)/j)).
2, 5
Let c = 4162 - -3452. What are the prime factors of c?
2, 3, 47
Suppose -i + 16 = -3*g, 2 = 2*g + 3*i - 2. List the prime factors of (-1)/g + 4399/4.
2, 5, 11
List the prime factors of 3 - (4 - 20 - 13221).
2, 5, 331
Let j(w) = -6*w**2 + 15*w + 7. Let f(y) = y + 1. Let l(p) = 6*f(p) - j(p). Let i(s) be the first derivative of l(s). What are the prime factors of i(9)?
3, 11
Let p(z) = -2*z**3 + 6*z**2 - z + 665. What are the prime factors of p(0)?
5, 7, 19
Suppose -2*i = -v + 3, 2*i + 3*i + 3*v + 13 = 0. Let z be (6/1)/i - (-3 + -58). Suppose 62*d - 156 = z*d. What are the prime factors of d?
3, 13
Let n be 595*3 + (9 - 16 - -5). Suppose -1077*z + 1078*z = n. What are the prime factors of z?
1783
Let f be 10/(-6) + 65/39 + -2. Let h(v) = 337*v**2 - v. List the prime factors of h(f).
2, 3, 5
Suppose -2*t = 0, 3*f = -t + 4692 - 579. List the prime factors of f.
3, 457
Suppose 2*i - 9898 = -p, -p + 5*i - 515 = -10420. What are the prime factors of p?
2, 3, 5, 11
Suppose -195*j + 3127 + 2669219 = -18*j. What are the prime factors of j?
2, 7549
Let n(d) be the first derivative of 5*d**2 + 13 + 2*d**2 - 40*d + 12 - d**2. What are the prime factors of n(13)?
2, 29
Let o be (4/(24/(-10)))/(10/(-36)). Suppose 9691 = 5*m + o*m. List the prime factors of m.
881
Let b be 239210/170 - (-4)/(-34). Let l = b + -666. List the prime factors of l.
3, 13, 19
Suppose -4*c - 4*h = -111360, h = -3*c + 6042 + 77466. List the prime factors of c.
2, 3, 4639
Let j(n) = n**3 - 24*n**2 + 35*n + 528. What are the prime factors of j(30)?
2, 3, 1163
Suppose 2*o - 13 - 7 = -5*b, 4*o - 20 = -5*b. Let c = 26 + -7. Suppose o = c*a - 22*a + 18. What are the prime factors of a?
2, 3
Let k(w) = w**2 + 9*w - 17. Let l be k(7). Suppose -57 = -a + l. Suppose -3*t + 5*g + 144 = 0, 3*g - 69 - a = -4*t. List the prime factors of t.
53
Suppose 0 = 11*v - 8*v - 408. List the prime factors of (10/(-85) + (-1242)/v)*-8.
2, 37
Let o(v) = -43*v - 3. Let r(b) = -2*b + 2. Let m be r(1). Let j be (m + 1)/(-9 - -8). What are the prime factors of o(j)?
2, 5
Let w be 12/(-16)*1 + (-6516)/16. Let r = 624 + w. Suppose 2*h + 18 = r. List the prime factors of h.
3, 11
Let i(m) = -3*m**2 - 16*m - 199. Let t(s) = -s**2 - 9*s - 99. Let p(k) = -2*i(k) + 5*t(k). What are the prime factors of p(-8)?
71
Suppose 140*j - 411392 = 154166 - 76398. List the prime factors of j.
2, 1747
Suppose 4652 + 884 = 5*x - f, -3*x - 3*f = -3336. List the prime factors of x.
2, 277
Suppose 733 = 10*j + 153. Suppose j*r = 57*r + 1637. What are the prime factors of r?
1637
Suppose 0 = -31*o + 26*o + 3*m + 34, o + 2*m + 1 = 0. Suppose o*r = 37*z - 32*z + 3480, -5 = 5*z. List the prime factors of r.
5, 139
Let s(u) = 448*u - 7718. What are the prime factors of s(23)?
2, 3, 431
Suppose -28*y + 182 = -54*y. List the prime factors of 314 - (-8)/((-56)/y).
3, 5, 7
Let x(a) = -a**2 - 2*a + 12. Let p be x(-4). Suppose -339 = -p*i + 89. What are the prime factors of i?
107
Let p(k) = k**2 - 5*k - 44. Let r be p(-4). Let i(j) = j**2 - 2*j + 27. List the prime factors of i(r).
107
Let h(x) = -x**3 - 20*x - 13. Let c be h(-8). Let t = c + -97. List the prime factors of t.
2, 281
Let i(h) = h - 16. Let x = -67 - -85. Let c be i(x). Suppose 3*w - w + c*q = 18, -3*q - 12 = 0. List the prime factors of w.
13
Suppose -1641 = 3*l + 3*u, -l + 2163 = -5*l + u. What are the prime factors of (1*l)/(3/((-6)/4))?
271
Suppose -2*p = -2*i - 219 + 11, 3*i - 496 = -5*p. Suppose 533 = 3*f + p. List the prime factors of f.
2, 3
Let n be 4/2 + (-55 - -52). List the prime factors of 666 + (0 - -8) + 5 + n.
2, 3, 113
Suppose w - 103 = y, 0 = -5*w + y + y + 506. Suppose -w*m = -102*m + 594. Suppose m = 6*u - 453. List the prime factors of u.
5
Let z(b) = 14*b**2 + 16*b - 70. Let l(n) = -13*n**2 - 15*n + 65. Let q(w) = -6*l(w) - 5*z(w). What are the prime factors of q(5)?
2, 3, 5, 7
Let z(r) = r**3 + 12*r**2 - 2*r - 16. Let t be z(-12). Let p = t - -2. Suppose 7*u - 9*u = -p. What are the prime factors of u?
5
Let y(a) be the third derivative of a**6/60 - a**5/3 + a**4/24 - 5*a**3/2 + 21*a**2. Let n be y(10). List the prime factors of 152 + (n - (1 - 4)).
2, 3, 5
Suppose 0 = -r + 3*o + 12, -r - 2*o + 21 + 11 = 0. Suppose 4*h = 12 + r. Let n = 14 + h. What are the prime factors of n?
23
Let i(j) = 3*j + 23. Let h be i(-9). Let s = -4 - h. Suppose s = 2*m + 42 - 272. List the prime factors of m.
5, 23
Suppose 158*r + 20*r - 13565202 = 0. What are the prime factors of r?
3, 7, 19, 191
Suppose 4*a = -5*c + 1014, -17*a - c = -20*a + 770. Suppose 5*u - a = 89. What are the prime factors of u?
3, 23
What are the prime factors of (126/(-10)